w**2 - 2*w + 12. Suppose 2*d = -4*f + 82, -4*f - 5*d = -48 - 37. Let o = f + -13. Does 24 divide y(o)?
True
Suppose -1798 = d - 4*v, 3*d + 5*v - 7*v + 5364 = 0. Let q = -1174 - d. Suppose -3*w + 6*w - q = 0. Is 23 a factor of w?
False
Suppose 0*d = 2*t - d - 15407, -t - d = -7705. Does 9 divide t?
True
Suppose 4*s - 1518 = -2*q, 5*s + 50 = 20. Is q even?
False
Suppose 2*k + 2087 = -3*m, 0 = m - 3*k + 614 + 67. Let p = m + 1051. Is p a multiple of 6?
False
Let p = -61 + 70. Let r(w) = w**2 - 10*w + 14. Let i be r(p). Suppose -i*y - 126 = -321. Does 13 divide y?
True
Suppose -63*i + 112 = -59*i. Let m = -25 + i. Suppose -7*z + m*z = -224. Is z a multiple of 28?
True
Let s(i) = i**3 + 28*i**2 - 76*i + 29. Does 65 divide s(-23)?
False
Suppose 6*b - b = -3*k - 12, 2*k + 8 = b. Let n be (-8)/(-3) - (4/6 - b). Does 40 divide (1/(n/73))/((-3)/(-18))?
False
Let q(c) = 13*c - 58. Let t be q(5). Suppose -5*a + 1180 = 5*h, 5*a - t*a = 4*h - 476. Is a a multiple of 18?
True
Suppose 260 = 2*c - 4*j, -4*c - 760*j + 472 = -756*j. Is c a multiple of 2?
True
Let o(s) = 11*s - 701. Let u be o(0). Let f = -505 - u. Is f a multiple of 14?
True
Suppose 0 = -v + 5*c + 427, 4*v + 0*c = 2*c + 1762. Suppose 9*o - v = 7*o. Let p = 317 - o. Does 7 divide p?
False
Suppose 797691 = 255*k + 200991. Does 65 divide k?
True
Suppose 4*c + 16 = 0, d + 2*c = -c - 10. Suppose -5*u + 4*a - d*a = -22, 2*a + 2 = 0. Suppose 16 = r + 2*m - 43, u*r = 2*m + 246. Is r a multiple of 22?
False
Suppose -2*w = -12, -n + 3*w - 11457 = -52744. Is 114 a factor of n?
False
Let j(i) = -35*i + 85. Let c(n) = -228*n + 552. Let g(p) = 2*p**3 + 3*p**2 - p - 3. Let r be g(-2). Let u(z) = r*c(z) + 32*j(z). Is u(9) a multiple of 10?
True
Let r be 3 + 1 + (-11)/((-44)/12). Let o(i) = i**3 - i**2 - 16*i + 23. Is 41 a factor of o(r)?
True
Let d be ((-4)/12)/(2 - 6830/3414). Suppose 3*f - d = 4*h + 256, 0 = 3*f - h - 825. Is 55 a factor of f?
True
Let j = 7611 + -7476. Is 27 a factor of j?
True
Let u(o) = -o**2 - 22*o - 87. Let v be u(-6). Does 14 divide (v - (5 - 3))*(1 - -22)?
False
Let r(z) = 3*z - 63. Let w be r(-24). Let f = w - -135. Suppose 9*x - 1074 - 618 = f. Is 12 a factor of x?
False
Is 17 a factor of (13 + 663)/1 - -5?
False
Suppose 0 = j + 5, 5*j = 3*l + 5 - 3. Let a be 390/l*(-12)/5. Suppose 21*k - a = 19*k. Does 12 divide k?
False
Let n(j) = 2*j**2 + 39*j + 49. Is n(-29) a multiple of 2?
True
Let i = 209 - 207. Suppose -3*n + 90 = 3*p, 8*p = 3*p + i*n + 150. Is 5 a factor of p?
True
Let r(c) = -2 - 8*c - 4 + 1 - 2*c**3 - 16*c**2 - 3. Is 2 a factor of r(-8)?
True
Suppose 3*b + 20 = x - 5*x, 4*b + 24 = -5*x. Let c = -6 - x. Suppose c*s = 5*s - 63. Does 15 divide s?
False
Let m be 79/(-9) + (-86)/387. Let x(j) = -j**3 - 3*j**2 - 12*j - 13. Is 13 a factor of x(m)?
False
Let r = 54 - 141. Let y = -27 - r. Let x = 92 - y. Is x a multiple of 32?
True
Suppose 4*w - 3316 - 1360 = 0. Suppose 4*y - w = 247. Is 7 a factor of y?
False
Let b(v) be the second derivative of v**7/180 + v**6/72 + 2*v**5/15 - v**4/6 - 8*v. Let t(u) be the third derivative of b(u). Is 19 a factor of t(-4)?
False
Suppose 4*o + 1 = v - 1, 5*o = -v + 2. Suppose m = 3*d + v*m + 793, d - 3*m + 281 = 0. Does 17 divide -3 + 6 + d/4*-2?
True
Let l(j) = -3*j + 8. Suppose u + 2*u = u. Let y be l(u). Let i(d) = 11*d + 14. Does 34 divide i(y)?
True
Suppose 7*k - 18 = 5*w + 6*k, w + 16 = -6*k. Is (51/9*-4)/(w/90) a multiple of 51?
True
Let a(u) = -u + 4. Let x be a(2). Suppose -109 = -x*y + 83. Suppose 26 = -5*n + y. Is n a multiple of 3?
False
Let j be (-8)/6*3/(-2). Let m = -86 + 86. Suppose m = -3*n - j*n + 140. Is n a multiple of 7?
True
Is ((-22383)/72)/((-84)/1568) a multiple of 5?
False
Suppose -4*m = 2*u - 10220 - 14632, 4*u + 4*m = 49688. Is u a multiple of 127?
False
Suppose -4*z - 2*s + 2894 = 0, -z - 2*s = 2*z - 2169. Suppose -11*m + z = 14*m. Is 4 a factor of m?
False
Suppose -5*b + 4*h = 8*h - 31, 0 = 5*b + h - 19. Suppose 4*v - 5 = b*t, 0*t = -v + 3*t + 8. Does 12 divide (-2*v/4)/(6/288)?
True
Let j be 1 + (-1)/(3/18). Let g be 1*j*3*80/(-48). Is 24 a factor of 10/g + 0 - (-796)/10?
False
Does 11 divide 4429 + -3 + 13 - -7?
False
Let y(d) = -5*d**2 - d - 30. Let l be y(6). Let a = l + 495. Is 16 a factor of a?
False
Let i(v) = -31*v + 1186. Does 62 divide i(21)?
False
Suppose 0 = -g, -j - 4*g = -3*g - 70. Let o = -66 + j. Let z = o + 84. Does 15 divide z?
False
Let d(p) = 5*p**2 + 3*p - 1. Let x(l) = -14*l**2 - 8*l + 3. Let r(i) = -11*d(i) - 4*x(i). Let k be r(0). Is 11 a factor of (0 + 3/k + 2)*-44?
True
Let u be (-6 - -3)*5/((-15)/(-81)). Let c = 169 + u. Is c a multiple of 8?
True
Suppose 101*r = 158972 + 276742. Is r a multiple of 42?
False
Suppose -1521644 + 462839 = -165*r. Is 14 a factor of r?
False
Let g = -1497 + 858. Let i = -405 - g. Does 26 divide i?
True
Let b(w) = w**3 + 4*w**2 - 25*w - 6. Let l be b(-7). Let h be 66/(4/2) + (-4 - -6). Let v = h + l. Is 19 a factor of v?
True
Suppose -5*w - 3*h = -17853, 3*h + 3569 = w + 2*h. Suppose 16*j + w = 9*j. Let c = -328 - j. Does 59 divide c?
False
Let a(f) = -3*f**2 - 56*f + 28. Let j be a(-19). Does 38 divide (-2)/(-8) - (20070/(-8))/j?
False
Suppose 4*n + 0*n = 4568. Let a = -1421 + 1425. Suppose 845 = -z + 4*z + 5*l, -a*z + n = -l. Is 50 a factor of z?
False
Let k = -61 - -65. Suppose -389 + 137 = -k*q. Suppose -3*b + 3*l = -q, 5*l + 35 = 2*b - 7. Is 3 a factor of b?
True
Suppose -77*o + 11*o = -486882. Is 32 a factor of o?
False
Suppose 50*a - 45*a - 162990 = -5*i, -24 = 3*i. Does 251 divide a?
False
Let b = 666 - 374. Let n = 391 - b. Is n a multiple of 11?
True
Let r(s) = 143*s + 6 - 72*s + 14*s**2 - 30*s. Is 6 a factor of r(-4)?
True
Suppose -2*q + 50128 = -96368. Is 32 a factor of q?
True
Suppose -3*a + 218 = -4*l, -a - 2*l + 64 = -2. Let x(y) = y**2 + 1 - 78*y + 142*y - a*y. Is x(-3) a multiple of 14?
True
Let z be (-3008)/28 + 2 - (-3)/7. Let i = z - -283. Is 9 a factor of i?
False
Suppose -2*d - 804 - 36 = -3*n, 4*n - d - 1120 = 0. Is n a multiple of 28?
True
Let b be -8*(24/36 + 14/(-12)). Suppose b*k - 7*k = -3*y, -5*k + 24 = 3*y. Does 36 divide (106/(-6))/((k/(-27))/1)?
False
Suppose -7*u = -27*u + 5*u + 177930. Is 9 a factor of u?
True
Suppose 81342 = 3*q + 3*j, -15*q + 11*q - 2*j = -108458. Is 85 a factor of q?
True
Suppose -45*b - 44*b + 1958 = 0. Is 13 a factor of b?
False
Let j be 0 - (-7 - 2) - (8 + -4). Suppose 48 = 2*r + j*h, -33 = -5*r - 4*h + 53. Is 7 a factor of r?
True
Suppose 2*k - 7136 = 3*w, 17462 + 367 = 5*k - 2*w. Is 28 a factor of k?
False
Let z be 9 + -6 + (1 - 1). Let x(h) = 6*h - 94. Let k be x(16). Is k/(-3) - z*(-136)/18 a multiple of 7?
False
Let n = -57717 - -81296. Does 17 divide n?
True
Suppose 96*p - 5264208 = -48*p. Is 9 a factor of p?
False
Suppose -3*f + 121 + 266 = 0. Suppose 0 = -4*m - u + f, -37 = -2*m + 5*u - 0. Suppose -25 - m = -h. Is 7 a factor of h?
True
Is 22 a factor of ((-32)/96)/((-5)/19140)?
True
Let h = -77 - -82. Suppose 0 = w + h, -4*w - 380 = 6*p - 2*p. Is 1/(-5) - -4*(-4707)/p a multiple of 19?
True
Let s(i) = i**2 - 15*i + 608. Let a be s(0). Let o = a - 262. Is 8 a factor of o?
False
Let v(b) = 18*b - 150. Let r(z) = 11*z - 100. Let k(f) = -7*r(f) + 5*v(f). Is k(4) even?
True
Let h(g) = 35 + 30 - 119 - 34*g**2 + g**3 - 69*g. Is h(36) a multiple of 6?
True
Let f(s) = -s**3 + s - 1. Let z(a) = 2*a**3 - 7*a**2 + 8*a - 6. Let r(c) = -3*f(c) + z(c). Let b be r(4). Suppose -j = 2*j - b. Is 15 a factor of j?
True
Let y(q) be the second derivative of -q**3/6 + 7*q**2/2 + 20*q. Let r be y(5). Suppose 4*b + 340 = 5*m, -r*m = -b - b - 134. Is m a multiple of 24?
True
Suppose -4*j + 2*y + 7758 = 5*y, -5*j - 2*y + 9687 = 0. Is 45 a factor of j?
True
Let z = 9403 + -4739. Suppose 0 = -s - 3*w + 943, -4*w + 2*w - z = -5*s. Does 71 divide s?
False
Suppose -q = 14 - 105. Suppose -1129*i + 825 = -1106*i - 831. Let r = q - i. Does 3 divide r?
False
Let a be (-4)/(1*2/(-6)). Let f(w) be the first derivative of 3*w**2/2 + 10*w - 65. Does 16 divide f(a)?
False
Suppose 0 = -37*i + 40*i + 4*y - 16578, -2*i + 3*y = -11069. Is 70 a factor of i?
True
Suppose 6*r + 1 = -k + 4*r, 0 = k + 4*r + 5. Let z be (2/k)/(10/(-135)). Is 13 a factor of (-3)/z - (-1986)/9?
True
Let m(d) = -2*d**3 + d**2 - 1. Let b be (1 - -2) + (3 - 7). Let 